divided by 36.
33
Calculate the remainder when 23862489 is divided by 654.
645
Calculate the remainder when 11293029 is divided by 204.
201
What is the remainder when 2319675 is divided by 24?
3
Calculate the remainder when 1193077 is divided by 198836.
61
Calculate the remainder when 372946 is divided by 10969.
0
What is the remainder when 4666940 is divided by 45?
35
Calculate the remainder when 545926 is divided by 11615.
21
Calculate the remainder when 8375018 is divided by 148.
142
What is the remainder when 862162 is divided by 123003?
1141
Calculate the remainder when 31675757 is divided by 1319823.
5
Calculate the remainder when 3783917 is divided by 62.
57
What is the remainder when 520824439 is divided by 42?
37
What is the remainder when 1909010 is divided by 954504?
2
What is the remainder when 10108 is divided by 3680?
2748
Calculate the remainder when 313599 is divided by 104478.
165
Calculate the remainder when 20381 is divided by 120.
101
What is the remainder when 232730236 is divided by 2346?
2344
What is the remainder when 32711 is divided by 190?
31
Calculate the remainder when 79056 is divided by 78471.
585
What is the remainder when 662421 is divided by 14927?
5633
What is the remainder when 1185974 is divided by 5004?
26
What is the remainder when 2144488 is divided by 506?
60
Calculate the remainder when 97937007 is divided by 79.
75
What is the remainder when 39216623 is divided by 28?
19
What is the remainder when 99007 is divided by 2502?
1429
What is the remainder when 131702 is divided by 18?
14
Calculate the remainder when 4283686 is divided by 214176.
166
Calculate the remainder when 11124755 is divided by 1112475.
5
Calculate the remainder when 97589 is divided by 48662.
265
What is the remainder when 5856501 is divided by 43062?
69
What is the remainder when 442913 is divided by 20871?
4622
What is the remainder when 1942721 is divided by 1942412?
309
What is the remainder when 2267295 is divided by 1677?
1668
Calculate the remainder when 181395 is divided by 45343.
23
Calculate the remainder when 81843 is divided by 7430.
113
Calculate the remainder when 397942 is divided by 79587.
7
What is the remainder when 59679 is divided by 3093?
912
Calculate the remainder when 38330 is divided by 472.
98
What is the remainder when 13472 is divided by 13345?
127
Calculate the remainder when 5215360 is divided by 1882.
338
Calculate the remainder when 1262985 is divided by 252413.
920
Calculate the remainder when 2480408 is divided by 129.
125
What is the remainder when 696324353 is divided by 644?
641
What is the remainder when 1082213 is divided by 45?
8
What is the remainder when 458611 is divided by 11?
10
What is the remainder when 35107 is divided by 34169?
938
What is the remainder when 2457027 is divided by 2932?
11
Calculate the remainder when 179278839 is divided by 28.
19
Calculate the remainder when 609120664 is divided by 882.
880
Calculate the remainder when 14352598 is divided by 4539.
280
What is the remainder when 25672977 is divided by 53374?
83
What is the remainder when 4225004 is divided by 2888?
2748
Calculate the remainder when 94610050 is divided by 51.
1
What is the remainder when 1093959 is divided by 329?
34
What is the remainder when 3846380 is divided by 21?
20
Calculate the remainder when 10087475 is divided by 3032.
11
What is the remainder when 1162777 is divided by 290544?
601
What is the remainder when 101334349 is divided by 873?
1
What is the remainder when 420306 is divided by 155?
101
What is the remainder when 452358 is divided by 447?
441
What is the remainder when 1873 is divided by 9?
1
What is the remainder when 344556 is divided by 4471?
289
Calculate the remainder when 14589666 is divided by 4863173.
147
What is the remainder when 240651 is divided by 265?
31
Calculate the remainder when 231982448 is divided by 49.
33
Calculate the remainder when 2135546 is divided by 46.
42
Calculate the remainder when 5968690 is divided by 45913.
0
Calculate the remainder when 218724 is divided by 6145.
3649
Calculate the remainder when 5799848 is divided by 158.
142
What is the remainder when 1858881 is divided by 1858207?
674
What is the remainder when 508110635 is divided by 26?
19
What is the remainder when 311863 is divided by 1399?
1285
Calculate the remainder when 14732272 is divided by 52.
48
What is the remainder when 562141 is divided by 810?
1
What is the remainder when 1579528 is divided by 10059?
265
Calculate the remainder when 802220 is divided by 2476.
2472
What is the remainder when 84529 is divided by 12011?
452
What is the remainder when 249100193 is divided by 1388?
1385
What is the remainder when 929183 is divided by 2239?
2237
Calculate the remainder when 39052167 is divided by 2944.
7
Calculate the remainder when 194851373 is divided by 2001.
1997
What is the remainder when 1139486 is divided by 8441?
8392
What is the remainder when 2582956 is divided by 1291465?
26
Calculate the remainder when 39195177 is divided by 9798785.
37
Calculate the remainder when 5607570 is divided by 74.
72
What is the remainder when 14714 is divided by 3287?
1566
What is the remainder when 466500 is divided by 363?
45
Calculate the remainder when 365223 is divided by 365172.
51
Calculate the remainder when 250039 is divided by 183.
61
What is the remainder when 130588 is divided by 1293?
1288
Calculate the remainder when 161409 is divided by 20174.
17
What is the remainder when 545476 is divided by 577?
211
Calculate the remainder when 78440 is divided by 6646.
5334
What is the remainder when 2313829 is divided by 65?
24
What is the remainder when 5818 is divided by 2901?
16
Calculate the remainder when 5680706 is divided by 1756.
46
What is the remainder when 760402 is divided by 9?
1
Calculate the remainder when 386233 is divided by 96521.
149
Calculate the remainder when 82404 is divided by 675.
54
What is the remainder when 157636 is divided by 20?
16
What is the remainder when 1990800 is divided by 57?
18
What is the remainder when 36725478 is divided by 36725467?
11
What is the remainder when 740042 is divided by 147978?
152
Calculate the remainder when 79538 is divided by 765.
743
Calculate the remainder when 5007580 is divided by 1607.
168
What is the remainder when 10009553 is divided by 79?
16
Calculate the remainder when 1884448 is divided by 31407.
28
What is the remainder when 3019005 is divided by 137227?
11
Calculate the remainder when 25011 is divided by 5894.
1435
What is the remainder when 2489257 is divided by 829752?
1
What is the remainder when 600287 is divided by 809?
9
What is the remainder when 6055803 is divided by 128?
123
What is the remainder when 841188 is divided by 344?
108
Calculate the remainder when 2912773 is divided by 313.
308
Calculate the remainder when 191311 is divided by 17378.
153
What is the remainder when 491870 is divided by 32789?
35
Calculate the remainder when 20007075 is divided by 106.
105
What is the remainder when 61736 is divided by 1208?
128
What is the remainder when 37688227 is divided by 10?
7
Calculate the remainder when 28191385 is divided by 37.
12
What is the remainder when 2687435 is divided by 1343660?
115
What is the remainder when 191763 is divided by 655?
503
What is the remainder when 1432643 is divided by 1432635?
8
What is the remainder when 387721176 is divided by 15806?
15802
What is the remainder when 114363 is divided by 646?
21
Calculate the remainder when 332919247 is divided by 230.
227
What is the remainder when 7326 is divided by 2968?
1390
Calculate the remainder when 157564 is divided by 26249.
70
Calculate the remainder when 1357064 is divided by 803.
797
What is the remainder when 1347035 is divided by 18707?
131
Calculate the remainder when 1414058 is divided by 128550.
8
What is the remainder when 31843554 is divided by 120?
114
Calculate the remainder when 44032107 is divided by 92.
79
Calculate the remainder when 230428 is divided by 17.
10
Calculate the remainder when 8672 is divided by 8505.
167
Calculate the remainder when 21778078 is divided by 316.
306
Calculate the remainder when 70477890 is divided by 1661.
1660
Calculate the remainder when 221753 is divided by 265.
213
What is the remainder